e (1 - 10)/(q/(-8)). Calculate the highest common factor of 6 and a.
6
Let x = 53 - 33. Suppose -3*t - t = -x. Suppose 3*z = t*i + 17 + 60, -z + 3*i + 27 = 0. Calculate the greatest common factor of 16 and z.
8
Suppose -314*l = -287*l - 1134. Suppose -2*c = 2*c + 3*k - 1332, 3*c - 1004 = -k. Calculate the highest common divisor of c and l.
42
Let p(w) = 6 + 8 + 0 - 7*w. Let d be p(-8). What is the greatest common divisor of 10 and d?
10
Suppose -5*x = -4*x - 180. Calculate the greatest common divisor of x and 495.
45
Suppose 3*b = 4*n - 51, 5*b = n + 3*n - 61. What is the highest common divisor of 267 and n?
3
Suppose -4*j + 10 = 2*o - 2*j, -29 = -4*o + 5*j. Let s(k) = -11*k + 2. Let u be s(-2). Calculate the greatest common factor of o and u.
6
Suppose 3*z - 2 = 5*z. Let o = z - -1. Suppose o = -3*j + 6 - 0. What is the greatest common divisor of j and 14?
2
Let s = 35 - 30. Suppose 3*h = s + 7. Let v(u) = 3*u**2 - 1. Let x be v(-1). What is the greatest common divisor of h and x?
2
Suppose 3*j - j - 68 = -2*m, -4*j = m - 142. Let s = 2356 + -469. Suppose -23*v = s - 10995. What is the greatest common divisor of j and v?
36
Let z(f) = 3*f - 7. Let a be 0 + 2 + 3/1. Let g be z(a). What is the highest common factor of g and 72?
8
Let s be (-1 - 0)/((-7)/63). Calculate the greatest common factor of s and 18.
9
Let g(l) = -l + 11. Let k be g(3). Let h(x) = -x**2 + 10*x - 11. Let p be h(k). What is the greatest common factor of 40 and p?
5
Let q(f) = -3*f + 28. Let o be q(-9). What is the greatest common factor of 22 and o?
11
Let m be 5/20*(26 - -2). Suppose 4*f = 12, 2*l - 5*f - 251 = -0*l. What is the greatest common factor of l and m?
7
Let b(z) = -z**2 + z. Let o(i) = 2*i**2 - 4*i + 2. Let f(v) = -2*b(v) + o(v). Let y be f(6). Calculate the highest common divisor of 11 and y.
11
Let q(k) = k**2 - 5. Let c be q(-4). Suppose -43*n + 619 - 146 = 0. Calculate the highest common factor of n and c.
11
Suppose 4*q - 2*q - 5*x - 105 = 0, 5*q + x = 330. Let r = q - 56. Let o be 8 + 1 + (0 - 0). What is the highest common factor of o and r?
9
Suppose -4*a + 3*a + 5 = -2*g, 4*g - 3*a = -7. Let k be (g/(-6))/(1/(-6)). Let m = k - -10. Calculate the greatest common factor of 48 and m.
6
Suppose y - f = 2*y + 2, 2 = -f. Let j be 33 + 3 - (y + 1)*1. Let a be 1/(-4) + (-1122)/(-8). What is the greatest common divisor of j and a?
35
Let i(f) = 2*f**2 + 7*f - 9. Let c be i(-6). Suppose -30 + c = -3*l. Calculate the greatest common factor of l and 12.
3
Let z be 4/2*(-45)/30. Let k be (-1360)/15 + (-2)/z. Let w = -46 - k. What is the highest common factor of 4 and w?
4
Let f be (-1 - 3/(-3)) + 22. Let n(d) = 21*d + 34. Let t be n(1). What is the highest common factor of f and t?
11
Suppose 4*w - 8 = 4. Suppose 5*v - w = 42. Calculate the highest common factor of v and 99.
9
Let t(f) = 4 - 2*f + 6 + 5*f - f**2. Let h be t(5). Suppose h = -2*j - j + 4*y + 91, 0 = -3*y - 12. Calculate the highest common divisor of j and 75.
25
Let d be (165/(-330))/(0 + 1/(-418)). Let t(l) = 5*l + l**2 + 2*l - 4*l + 1. Let h be t(-6). Calculate the greatest common factor of d and h.
19
Let q(d) = -20*d - 2. Let f be q(-1). Suppose 3*n - 1 = -4. Let a = n + 3. Calculate the greatest common divisor of a and f.
2
Suppose -22*m = 5*u - 23*m - 163, 5*m = -15. What is the highest common divisor of u and 8?
8
Suppose 10 = 3*n + 25. Let r = -20 + 10. Let b be n*(62/r - -3). Calculate the greatest common divisor of b and 48.
16
Let t(d) = -40*d + 29. Let l be t(-12). Suppose -5*a + l = -16. Suppose -8 = -2*x, 0 = -2*i + 4*i - 5*x - 22. Calculate the greatest common divisor of i and a.
21
Suppose 1 = 3*k + 4. Let c be 24 + ((6 + -3)/k)/(-1). What is the greatest common factor of 3 and c?
3
Suppose 75*v - 2011 + 361 = 0. Calculate the greatest common factor of 10 and v.
2
Let w = 74 - 126. Let q = -37 - w. What is the highest common factor of q and 3?
3
Suppose -3*j + 9 = -4*z, -2*j + 4*z + 6 = z. Suppose 0*k - k = -t - 41, 5*k + j*t - 197 = 0. Calculate the greatest common factor of k and 10.
10
Let f = 489 - 480. Calculate the greatest common divisor of 12 and f.
3
Suppose g = 4, 492 = 2*z - 3*g - 596. What is the greatest common divisor of z and 22?
22
Suppose 3*h + 125 = -2*h. Let r = h - -29. Suppose r*x = 11*x - 77. Calculate the greatest common factor of x and 33.
11
Let y(s) = -s**2 + 2*s + 270. Let b be y(0). Suppose -z - x = -90, -3*z - 3*x = -x - b. Calculate the highest common divisor of z and 36.
18
Let j be (972/(-90))/(6/20). Let d = -30 - j. Let i = 21 - d. Calculate the highest common factor of 6 and i.
3
Suppose 4*d = 3*g - 99 - 38, 0 = -g - 5*d + 14. Suppose 89 = -6*m + 2*m - 3*s, -4*m + s = 109. Let k = m + g. What is the greatest common divisor of k and 39?
13
Suppose 3*p - 5*w = 2*p + 8, -36 = 2*p + 3*w. Let v be (p - -9)*(-8)/3. Let u = 7 - 3. Calculate the greatest common factor of v and u.
4
Let y = 34 - 31. Suppose y*i - 3 = 4*i, 4*q = 3*i + 73. Suppose 3*k = -4*c + 43, -5*k = -3*c + q + 9. What is the greatest common factor of 25 and c?
5
Suppose 11*p - 819 = 8*p. What is the highest common divisor of p and 117?
39
Suppose -4*m - 2 = -3*m + 2*r, 10 = -5*m + r. Let d be 11/(-22)*m/4*4. Calculate the greatest common factor of d and 11.
1
Suppose 108 = 4*t + 5*y - 4*y, -120 = -4*t - 4*y. Calculate the greatest common factor of 2 and t.
2
Let d be (-125)/(-20)*(-4)/(-1). Let l = 86 + -36. What is the greatest common factor of d and l?
25
Suppose 4*c - 149 - 63 = 0. Suppose -5*g = -k + c, -2*g + 185 - 55 = 2*k. Calculate the highest common divisor of k and 7.
7
Let f(t) = -t**3 + 20*t**2 + 15. Let y(n) = -n**2 + 13*n - 2. Let d be y(11). Let i be f(d). Calculate the greatest common divisor of i and 120.
15
Let t = -1922 - -2050. What is the highest common divisor of 88 and t?
8
Let i = 60 + -56. Suppose -5*s - c = -158, 4*s + 9*c - 4*c - 118 = 0. What is the highest common factor of i and s?
4
Let n = 1377 - 1262. Calculate the greatest common factor of n and 3105.
115
Suppose 66*o = 71*o - 15. Let k be ((-2)/o)/(3/(-18)). Calculate the greatest common factor of k and 12.
4
Let a be (-6 + (-18)/45)/(1/(-5)). Calculate the greatest common factor of a and 368.
16
Let l = -71 - -192. What is the highest common factor of 11 and l?
11
Let a = -74 - -77. Suppose 400 = 17*g + a*g. What is the greatest common factor of 16 and g?
4
Suppose -8*o - 276 = -11*o + 4*a, -3*o - a + 261 = 0. What is the greatest common factor of 64 and o?
8
Let m be (44 - 0)/(20/110). Let r(v) be the first derivative of -v**3/3 - 13*v**2/2 + 10*v - 6. Let g be r(-12). What is the highest common divisor of m and g?
22
Suppose -3*a = -3*p + 2*a + 21, 4*a + 24 = 3*p. What is the highest common factor of p and 28?
4
Suppose -2*t + 56 = -2*u + 6*u, -2*u = -2*t + 86. Calculate the greatest common factor of 304 and t.
38
Let x = 5 - 38. Let u = 63 + x. What is the highest common divisor of u and 5?
5
Let j be (-1)/((4/(-2))/8). Let f(y) = -3*y + 2*y + 8 + 4*y - y. Let z be f(j). Calculate the greatest common divisor of z and 48.
16
Let v be 1*-4 + 3 - 4. Let x(o) = -3*o - 7. Let l be x(v). Let r(u) = 3*u - 2. Let f be r(l). Calculate the highest common divisor of f and 66.
22
Let c be 8/(-3)*1*-6. Suppose 2*t - 26 + c = 0. What is the greatest common factor of t and 45?
5
Let n be (-119)/140*-38 + (-6)/20. Calculate the greatest common factor of 464 and n.
16
Let o(d) = 29*d**2 + 4 - 7*d - 28*d**2 - 5. Let c be o(-8). Let f be 2/(-1)*(-34)/4. What is the highest common divisor of f and c?
17
Let k be (-52)/(-14) - ((-32)/(-14))/(-8). Calculate the highest common divisor of k and 10.
2
Let v(g) = 4*g - 4. Let h(m) = 3*m - 5. Let o(z) = -5*h(z) + 4*v(z). Let f = -18 + 11. Let s be o(f). What is the greatest common divisor of 2 and s?
2
Let w(s) = -s**3 + 7*s**2 - 6*s + 8. Let m be w(6). Let r = 507 + -475. Calculate the greatest common divisor of r and m.
8
Suppose 163 - 466 = -3*r. Suppose 2*o - r = -21. Calculate the greatest common factor of o and 10.
10
Let k(o) = o + 4. Let r be k(4). Suppose -3*s + 16 = 5*n - 23, -5*s + n = -37. Calculate the greatest common divisor of s and r.
8
Suppose -5*v = -4*r - 10*v - 61, 3*v + 15 = 0. Let d be 0/(r/(27/6)). Suppose 0 = 5*t, 5*b - 40 = -d*b + t. What is the hi